22*l - 652*l - 1 + 335*l. Calculate g(t).
16
Let p(y) = y**3 + 6*y**2 + 3*y. Suppose -5*b + 3*b - 8 = 0. Let s(d) = -d**3 - 63*d**2 + 57*d**2 - d - 2*d. Let h(r) = b*s(r) - 5*p(r). What is h(-5)?
-10
Let m(d) = d + 2. Let c(n) = n**2 - 16*n - 13. Let z(t) = c(t) - 2*m(t). Give z(19).
2
Let a(w) = -w - 7. Let g be a(-4). Let b be (78/(-4))/((-133)/42 - g). Let x = -121 + b. Let u(o) = -o**2 - 3*o + 4. Give u(x).
0
Let w be (-22)/6 - 2/(-3). Let l(c) be the first derivative of -c**4/4 - 2*c**3/3 + 3*c**2/2 - 4*c - 945. Determine l(w).
-4
Let z(l) = 3*l**2 + 8*l + 4. Suppose 2*d - 10 = 0, -3*d + 26 + 14 = -5*q. What is z(q)?
39
Let y be (-68)/102 + (-3)/(9/(-14)). Let v be (55/10 - y)/(1/2). Let u(o) = 3*o - 1. Determine u(v).
8
Let j(d) be the first derivative of 3*d**2/2 + 70*d - 1972. Determine j(-11).
37
Let o(p) be the third derivative of -5*p**4/24 + 5*p**3/6 + 71*p**2. Suppose 6*w = -5 + 29. Calculate o(w).
-15
Let o(d) = d + 3. Let p = -55 + 29. Let b = -20 - p. Give o(b).
9
Let v(n) = -16*n**2 + 2*n - 1. Let b(l) = 2*l**2 - l. Let m = -27 - -28. Let g(p) = m*v(p) + 4*b(p). Calculate g(-1).
-7
Let l(p) = -p**2 + 10*p - 4. Suppose -r + 44 = -v + 55, -2*v + 3*r + 22 = 0. What is l(v)?
-15
Let u(t) = t + 2. Let j(c) = 9 - 6 - c - 4 + 2*c**3 + 2*c**3. Let z be j(-1). Let g(s) = s**3 + 4*s**2 + 4*s + 9. Let x be g(z). What is u(x)?
-5
Let m(f) = 57*f**3 + 95*f**2 - 55*f + 81. Let k(q) = -10*q**3 - 16*q**2 + 9*q - 13. Let i(p) = 17*k(p) + 3*m(p). What is i(-14)?
-6
Let b be 10 + -5 + (-1)/(-2)*-4. Let s(o) be the third derivative of -1/15*o**5 - 1/3*o**b - 8*o**2 + 0 + 0*o - 1/12*o**4. Give s(-2).
-14
Suppose -5*b + l + 2 = 0, 4*b - 15 = -4*l + 1. Let m(d) = 43*d**3 + 14*d + 13. Let j(a) = -99*a**3 - 32*a - 30. Let p(o) = -10*j(o) - 23*m(o). Determine p(b).
0
Let h(t) = -t**3 + t**2 + 2*t - 2. Let i be 10 + 10 + -20 - (-2 - 0). Suppose 0 = 5*v - 2*b - 10, -5 = 3*v + i*b + 5. Calculate h(v).
-2
Let m(v) = 50*v + 19. Let k(y) = -623*y - 238. Let t(u) = 5*k(u) + 63*m(u). What is t(3)?
112
Suppose -d + 12 = 11. Let t(h) = -h**3 - h + 1. Let z(j) be the first derivative of j**2/2 - 7*j + 132. Let c(f) = d*z(f) + t(f). Calculate c(0).
-6
Let v(s) be the first derivative of 0*s - 1/4*s**4 + 8/3*s**3 - 7/2*s**2 - 50. What is v(7)?
0
Let t(u) = -2*u - 16*u**2 + 3*u + 3*u**2 + 3*u - 6*u + 5. What is t(-2)?
-43
Suppose 0 = 9*f - 57 + 1164. Let b = -205 - f. Let r = -78 - b. Let n(u) = -4*u + 3. Calculate n(r).
-13
Let d be 1/3 + (-9)/27. Let k(r) = r**3 + r**2 - r + 4. Let w be k(d). Suppose -32 = -w*m + 5*o + 1, -5*o - 23 = m. Let x(j) = j. Calculate x(m).
2
Let x(z) = -34*z - 8. Suppose 24*l = -5*f + 29*l, -33 = -6*f - 5*l. Give x(f).
-110
Suppose -92*t = -427*t + 3350. Let n(r) = -8 - 30 + 3*r + 13. Give n(t).
5
Let n(r) = 18*r**3 + 48*r**2 + 7*r - 11. Let l(s) = -8*s**3 - 23*s**2 - 4*s + 5. Let t(f) = -7*l(f) - 3*n(f). Determine t(-8).
6
Suppose -9090*y + 9066*y + 72 = 0. Let z(c) be the first derivative of 1/3*c**y + 0*c**2 - 6*c + 23. Determine z(0).
-6
Let c(b) = b**2 - b - 2. Let u be c(3). Let l(r) = -4 + 5*r**2 + u - 3 - r**3 - 3*r. Let v = -131517 - -131520. Determine l(v).
6
Suppose 15*j - 264 = -69. Suppose 0*z - 2*c + 22 = 2*z, -3*z + c = -j. Let m(l) = l + 3. Determine m(z).
9
Let u(p) = p**2 - 7*p + 9. Suppose 7*d + 19 = 9*d - 3*a, -6 = -3*d - 3*a. Let x be u(d). Let q(c) = -3*c**2 + 2*c + 1. Give q(x).
-4
Let g(o) = o**3 + o**2 - 4. Let f be g(2). Suppose f*v - 4*v - 16 = 0. Let u be -3 + (7 - v) + -1. Let k(w) = -6*w**3 + w + 1. What is k(u)?
6
Let x(y) be the first derivative of 5*y**2/2 + 74*y - 883. Give x(-14).
4
Let q(d) = 132*d - 22. Let x(w) = 284*w - 43. Let p(y) = -13*q(y) + 6*x(y). Determine p(2).
4
Let s(y) = 18*y**2 - 239*y + 76. Let n be s(13). Let h(p) = p**2 - 2*p - 3. What is h(n)?
96
Let j(x) = 10*x**2 + 23*x - 186. Let s(v) = 2*v**2 + 4*v - 37. Let f(q) = -2*j(q) + 11*s(q). Calculate f(-4).
5
Let y be (((-2100)/(-18))/7)/(4/18). Let h(t) = -2 + y*t**2 + t**3 - 51*t**2 - 2 - 37*t**2. Give h(13).
-4
Let b(s) = -40*s + 80. Let z(i) = -33*i + 66. Let o(g) = 14*b(g) - 17*z(g). Suppose 2*j - 14 = -6. Calculate o(j).
2
Let c(o) = -o**2 + o - 2. Let r(l) = -7*l + 4. Let t be r(1). Give c(t).
-14
Let f be -1 + (-2 - (5 + 1)). Let u(g) = -g**2 + 6738*g - 6*g**2 + 11 - 3376*g + 6*g**2 - 1 - 3370*g. Calculate u(f).
1
Let r be (1 - 28)*(-8 - (-56)/8). Suppose -w + d = r + 19, -d + 90 = -2*w. Let o = -37 - w. Let b(n) = n**2 - 8*n + 5. Determine b(o).
-2
Let h(d) = 0*d + 4*d + d. Let x = 22 - 19. Let i(p) = -p**2 + 7*p - 10. Let y be i(x). What is h(y)?
10
Let u(r) = -5*r + 5. Let x = 158 - 148. Let h be -3 + (-5 - -3) + x. Calculate u(h).
-20
Let f(z) = -63*z**2 - 9*z + 46. Let l(o) = -13*o**2 - 2*o + 9. Let q(h) = -6*f(h) + 29*l(h). What is q(8)?
17
Let z(b) = -b**3 - 21*b**2 + 68*b - 104. Let c be z(-24). Let w(i) = i**3 + 6*i**2 - 19*i - 15. What is w(c)?
9
Let n(q) be the second derivative of 0 - 14*q + 13/2*q**2 + 1/20*q**5 - 5/12*q**4 - 3/2*q**3. Let p be n(6). Let a(r) = r**2 + 4*r - 1. Calculate a(p).
4
Let d(k) = -k**3 - 7*k**2 - 5*k + 1. Suppose -3*s = 3*s - 12. Suppose -5*w = 5*f + 20, 2*w + 4 - s = -5*f. Determine d(w).
-5
Let a(c) = 16*c**2 - c. Suppose 18*f = 20*f - 4*w + 14, 2*f = -3*w + 14. Calculate a(f).
15
Let r(c) be the second derivative of 0*c**4 + 1/6*c**3 + 1/20*c**5 + 15*c + 7/2*c**2 + 0. Calculate r(0).
7
Suppose 159*g - 492 = 462. Let w(u) = u**3 - 5*u**2 - 2*u + 13. Let x(q) = q**3 - 5*q**2 - q + 14. Let l(c) = -6*w(c) + 5*x(c). What is l(g)?
-2
Let w = -121 - -122. Let p(l) = 0 + 4*l + 5*l - 8*l - w. Calculate p(8).
7
Let a(m) = -3*m - 3. Let f = -100 + 141. Suppose f = 11*n - 25. Give a(n).
-21
Let n(l) be the first derivative of l**5/40 + l**4/8 + 57*l**3 + 179. Let p(w) be the third derivative of n(w). Calculate p(-4).
-9
Let c(k) = 2082*k - 1081*k - 997*k - 3. Determine c(-14).
-59
Let q(r) be the third derivative of r**5/60 - r**3/6 + 22531*r**2. Suppose 4 = 3*o + 2*x, -x + 0*x = -5*o - 2. Suppose o = 6*k - 4*k. What is q(k)?
-1
Suppose 0 = 3*t + 12, -3*u + 21 + 52 = 5*t. Suppose 4*h + u = -13. Let m = h + 14. Let v(r) = r**3 - 2*r**2 - 2*r - 3. Calculate v(m).
0
Let r(g) = 0*g**2 + 5*g**2 + 299*g + 5 - 595*g + 309*g - 3*g**2. Let p be (24/(-28))/(3/21). Calculate r(p).
-1
Suppose 0 = 2*q - 0*q - 28. Suppose q*k - 33 = 23. Let d(y) = y + k*y + 0*y - y. Calculate d(1).
4
Let a(b) = 3*b**3. Suppose -3*h - 9*y = -13*y - 3, 5*h = 5*y. Let l be h/(-1) - (-4 - 3 - -9). Determine a(l).
3
Let y be (0*(-3)/6)/(16 - 14). Let o(i) be the second derivative of y - 7/6*i**3 + i**2 + 7*i. Determine o(-2).
16
Let h(q) be the second derivative of -q**4/12 - 20*q**3/3 + 5*q**2 + 196*q. Let f be h(-40). Let y(m) = -3*m + 25. Give y(f).
-5
Suppose -39 + 15 = 4*l. Let r(k) = -18357*k**2 + 15 - 9537*k + 18356*k**2 + 9532*k. Give r(l).
9
Let x(l) = -5*l + 6. Let u(y) = y - 1. Let b(k) = -4*u(k) - x(k). Let o(c) = -c**3 + 8*c**2 - 13*c + 15. Let v be o(6). Give b(v).
7
Let b(k) = 8*k**3 - k**2 - k - 1. Suppose 2*g = -3*y + 9, -g = y - 5*g - 17. Suppose 7 = -2*a - y*n - 20, -3*n - 17 = 2*a. Give b(a).
-9
Let u(n) be the first derivative of -45*n**2/2 + 322*n - 3738. Calculate u(7).
7
Let q(c) be the second derivative of -c**5/20 + c**4/12 + c**3/6 + 9*c**2 - 835*c + 2. What is q(0)?
18
Let y(o) = -22*o - 40 + 4*o**2 - o**2 + 74 + 4. What is y(2)?
6
Suppose -3*s + 4*u - 19 = 0, 2*s - 11 = -5*u + 7. Let w be ((-14)/(-42))/(s*(-1)/(-3)). Let f(n) = 2*n**2 + n. Determine f(w).
1
Suppose 0 = 5*o + 20, -19*s + o - 28 = -23*s. Let h(q) = -q - 8. Let n(m) = -m - 8. Let u(j) = -6*h(j) + 7*n(j). Determine u(s).
-16
Let f(x) = x**3 + 7*x**2 + x - 27. Let p(u) = 3*u**2 - 25*u - 474. Let g be p(-9). Calculate f(g).
3
Let z(r) be the first derivative of -17*r**2/2 + 110*r + 4976. Give z(7).
-9
Let x(o) be the second derivative of -1/2*o**3 + 51*o + 2*o**2 - 1/6*o**4 + 0. Suppose 0 = -0*f - f - 4*u - 15, 3*f = 4*u + 3. Give x(f).
-5
Suppose 2*x - 7 = 3. Let d(y) = -2*y + 6*y**3 + 39 - 5*y**2 - x*y**3 + 5*y - 41. Let j(v) = v**3 - 15*v**2 + 16*v - 24. Let q be j(14). Calculate d(q).
-6
Let h(k) be the first derivative of -k**6/120 + k**5/30 + k**4/6 - k**3/2 - 4*k**2 - 2*k + 79. Let w(y) be the second derivative of h(y). Give w(3).
0
